rmine w(k).
-12
Let o(p) = 0 - 3*p**3 + 0 - 1. Let s be o(-1). Let h(u) = -7*u + 4. Let r(g) = 20*g - 11. Let b(t) = 17*h(t) + 6*r(t). Give b(s).
4
Let t be (9/(-6))/(1/(-4)). Let h(c) = c**3 - 6*c**2 - c + 1. What is h(t)?
-5
Let d(k) be the first derivative of k**2/2 + 2*k - 3. Let g(u) = -u**2 - 2*u + 2. Let o be g(-4). Give d(o).
-4
Let d(l) = l + 7. Suppose 5*p - 40 = u + 4*u, -10 = -p + 2*u. Suppose p*q = 2*q - 16. Determine d(q).
3
Let x be 0 - -4*(-2)/4. Let z(b) = 3 + 0 + 8*b + 0. Calculate z(x).
-13
Let n be -1 - ((3 - 2)*-1)/1. Let r(l) = -l + 11. Give r(n).
11
Let g(b) = -b - 1. Suppose 4*a + 3*y + 14 = 0, 0 = 4*a - a - 4*y + 23. Give g(a).
4
Let s be 2*(-3)/12*-4. Let v(w) = 2 + 3*w - w - 3*w**2 + 1 - s. Suppose 10 - 2 = 4*q - 3*r, -4*q = -r. Give v(q).
-4
Let q(k) = -2*k**2 + 4*k - 1. Let w(t) = t**3 - 7*t**2 + 6*t + 3. Let v = 2 - -1. Let b be (-4 + v)*-4 + 2. Let l be w(b). Give q(l).
-7
Let h(d) be the third derivative of -d**6/20 - d**5/60 - d**4/12 - d**3/6 + 7*d**2. Let r = -4 - -3. Determine h(r).
6
Let g be 3 - ((1 - 0) + -2). Suppose 0*o - 16 = g*o. Let n(l) = l**2 + 6*l + 5. Let f(b) = b**2 + 5*b + 4. Let s(i) = 3*f(i) - 2*n(i). What is s(o)?
6
Let u(g) = -4*g + 0*g + 5*g + 2. What is u(-3)?
-1
Let p(y) = 5 + y**3 - 2 + 4*y**2 - 4 - y. What is p(-4)?
3
Let d(l) be the second derivative of -l**3/6 + 5*l**2/2 + 8*l. Give d(5).
0
Let c(v) be the third derivative of v**5/60 - 2*v**3/3 - 7*v**2. Suppose -4*b = -2*b + 4*x, 3*b = -4*x + 6. Suppose 2*k = -0 + b. Calculate c(k).
5
Let h(q) = 2*q**3 - 2*q**2 + 2*q - 2. Let x = -8 + 14. Let o be 12/15*15/x. Give h(o).
10
Let a = -13 - -11. Let i(w) = w. Determine i(a).
-2
Let s = 0 + 4. Let u(d) = -5 + 2*d + 5 - 4 + 2*d. Calculate u(s).
12
Suppose y = -4*y + 25. Let h(r) = 2*r - 6. Give h(y).
4
Let u(y) = 6*y**2 + 2*y - 10. Let w(o) = -2*o**2 - o + 3. Let l = -4 - -7. Let a(n) = l*u(n) + 10*w(n). What is a(-3)?
-6
Let q(c) = -c + 12. Let y(g) = g**2 - 18*g + 17. Let b be y(17). Calculate q(b).
12
Let h(v) = -4*v**2 - 6*v + 12. Let y(f) be the third derivative of f**5/20 + f**4/4 - 11*f**3/6 - 9*f**2. Let t(a) = 4*h(a) + 5*y(a). What is t(6)?
-7
Let f(q) = -2*q**3 + 2*q**2 + 2*q. Let z(d) = -5*d + 50. Let h be z(8). Let y = 13 + -4. Suppose 0 = 4*r - y*r + h. Determine f(r).
-4
Let i(v) = -v**2 + 2*v + 4. Suppose w + 17 = 4*h, 3*h + 11 = w + 24. Determine i(h).
-4
Suppose -q + 4*q - 6 = 0. Let n(s) = s**2 - s + 1. Let m(l) = 4*l**2 - 4*l + 9. Let r(u) = -m(u) + 6*n(u). Let o(c) be the first derivative of r(c). Give o(q).
6
Let c(v) = v - 3. Let p be c(7). Let w(r) = -r + 6. Calculate w(p).
2
Let q(x) = 0*x**3 + 5*x**3 - 6*x**3 - 1 - 8*x**3. Calculate q(1).
-10
Let n(w) = 43*w**3 - w**2 - 2*w + 2. Let z be n(1). Suppose 5*j = -3*v - z, -3*j + 2*v - 2 = -2*v. Let t(r) = -r. Determine t(j).
6
Let p(x) = -5*x + 3 + 3*x + 8*x**2 - 4 + x. Give p(-1).
8
Let m(z) = 4*z + 7 + 8 - 3*z - 19. Determine m(0).
-4
Let q(c) = 4*c**2 - 3*c + 19 + c**3 - 3*c - 23. Let p(y) = y + 1. Let k be p(-6). Give q(k).
1
Let p(q) be the third derivative of 7*q**5/60 - q**4/24 - q**2. Let t be 1*1/2*2. Determine p(t).
6
Suppose -3*g = -0*i + 2*i + 172, -308 = 4*i - 3*g. Let k be 4/14 - i/14. Let x(s) = -k*s**2 + 5*s**2 + 3 - 1 - 5*s. Calculate x(-5).
2
Let z(n) be the second derivative of -n**3/6 - n. Suppose -14 = 2*f - 6, 5*v - 6 = 4*f. Calculate z(v).
2
Suppose -z = -6*z. Suppose 3 = 3*t + 3*y, 4*y + 6 + 11 = 3*t. Let g be z - 0 - -1 - t. Let c(q) = 3*q**2 + q + 2. Determine c(g).
12
Let n(j) = 5*j**2 - 6*j. Let a(g) = -6*g**2 + 7*g - 1. Let h(r) = -4*a(r) - 5*n(r). What is h(4)?
-4
Let z(t) be the second derivative of t**7/840 + t**6/60 + t**5/20 + t**4/6 - 5*t**3/6 + 3*t. Let y(i) be the second derivative of z(i). Calculate y(-5).
-1
Let y = 6 + -4. Let j(z) = 2*z**y + z + 1 - z**2 + 3*z. Suppose -2*h - 3 = 5. What is j(h)?
1
Let x(t) = t**2 - 6*t + 2. Let w be x(4). Let k(h) = h. Determine k(w).
-6
Let a = -1 - -3. Let x(z) = 3 - a - z - z**2 + 4*z**2. What is x(1)?
3
Let u(g) = g. Let h(w) = 3*w - 1. Let b(v) = h(v) + 2*u(v). What is b(1)?
4
Let o(d) = -d + 3. Let s be (-1)/(-6) + 267/18. Suppose -4*m = -5 - s. Give o(m).
-2
Let v(y) = y**3 - 4*y**2 - y - 3. Suppose -1 = -4*q + 19. Calculate v(q).
17
Suppose 30 = 3*c - 9*c. Let b(l) = 4*l + 4. Let a(j) = -5*j - 5. Let t(z) = -3*a(z) - 4*b(z). What is t(c)?
4
Let u(r) = -r**2 - r + 3. Let n(a) = -a**2 + 7*a - 3. Let y be n(6). What is u(y)?
-9
Suppose -6*b = -b. Let j(p) = -2*p - 1 + 4*p - p. Let x(g) = -g**3 - g**2 + 4*g - 9. Let i(q) = 4*j(q) - x(q). Calculate i(b).
5
Let j(v) = -8*v**3 - 20*v**2 - 5*v + 5. Let z(b) = -3*b**3 - 7*b**2 - 2*b + 2. Let s(c) = -4*j(c) + 11*z(c). Determine s(2).
2
Let k be 2/3 - 21/(-9). Suppose 3*w + l - 8 = -k, -5 = 5*w - l. Let m(j) be the second derivative of j**5/20 - j**2/2 + j. Determine m(w).
-1
Let o be (-4)/5*(-30)/(-4). Let f(r) be the second derivative of -r**4/12 - 5*r**3/6 + 2*r**2 - 2*r. What is f(o)?
-2
Let b(a) be the second derivative of -a**4/12 - a**3 + a**2 + 13*a. Give b(-5).
7
Let a(y) = y - 3. Let o be a(5). Let v(t) = -3*t - 3. Let q(k) = -k. Let g(d) = 6*q(d) - v(d). Give g(o).
-3
Let y(l) be the third derivative of l**6/120 + l**5/10 - 5*l**3/6 - 18*l**2. Determine y(-6).
-5
Let z(j) be the third derivative of -j**5/60 - j**4/6 + 5*j**3/6 - 9*j**2. Determine z(-6).
-7
Suppose 5*x + r + 28 = 0, 4*r = -0 - 12. Let n = x - -11. Let z be 6*-3*(-1)/n. Let m(w) = 2*w - 4. Give m(z).
2
Let f = -42 - -38. Let p(a) = 4*a + 3. Calculate p(f).
-13
Let o(c) = -46*c**2 + 17*c. Let i(v) = -16*v**2 + 6*v. Let h(m) = 17*i(m) - 6*o(m). What is h(1)?
4
Suppose 5*u - 5*c = 10, 5*u - 9 - 2 = 4*c. Let l(o) = -2 - u - o + 1. Let t = -10 + 7. Give l(t).
-1
Let v(l) = -2*l + 7. Let s = -5 + 1. Let c = s - -6. Suppose 4*i - 21 = c*b - 3*b, -5*b + 45 = 5*i. Give v(b).
-3
Let r(k) be the third derivative of -k**6/120 - k**5/60 + 7*k**3/3 - 33*k**2. Let u be 0/1 - 0/2. Give r(u).
14
Let c(m) = -m + 0*m + 2*m + 12*m**3 - 4*m**3. Give c(1).
9
Let v be 2*(-3 + (-11)/(-2)). Let n(y) = -y - 6 + v + 5. Calculate n(3).
1
Let d(i) = i + 11. Let l(q) = q + 12. Let b(r) = 7*d(r) - 6*l(r). Calculate b(-4).
1
Let f be -2 + (-6)/(-1)*3. Let w = f - 15. Let t(b) = -5*b**3 + b**2 + b - 1. Determine t(w).
-4
Let a = 26 + -16. Suppose 3*h = 3*y + 15, 0*h + 5*h - 2*y - a = 0. Let t(s) = 5*s**2 + s - 4*s**2 + 0*s**2 - s**3. Calculate t(h).
0
Let u(w) = -w**3 + w**2 - 1. Let o(v) = 3*v**3 - 2*v**2 - v. Suppose -4 = -4*s + 2*s. Let y(q) = s*u(q) + o(q). Give y(0).
-2
Let r(g) be the second derivative of g**3/6 + 3*g**2 - 13*g. Give r(0).
6
Let o(f) be the third derivative of -f**6/20 - f**4/24 + f**2 - 122*f. Let s = -4 + 9. Suppose 0 = -s*z - 7 + 2. Determine o(z).
7
Let t(u) be the first derivative of -u**5/60 - u**4/4 - u**3/3 + u**2 + 1. Let r(z) be the second derivative of t(z). What is r(-3)?
7
Let d(f) be the first derivative of 0*f + 1/3*f**3 + 2*f**2 - 1. Let i(q) = -q**3 + 7*q**2 - 3*q + 17. Let y be i(7). Calculate d(y).
0
Let j(r) = -2*r**2 - r - 2. Let a(q) be the third derivative of q**4/8 - 2*q**3/3 + 6*q**2. Let k be a(2). What is j(k)?
-12
Let b(y) = y**2 - y - 1. Let f(q) = q**3 - 2*q**2 + 4*q + 3. Let h(r) = -5*b(r) - f(r). Determine h(-3).
-1
Let t(h) = 152*h**3 + 4*h**2 - 3*h**2 + 2*h + 4*h**2 - 153*h**3 - 6. Give t(5).
4
Let g(t) = -t**3 - 5*t**2 - 4*t - 1. Let f = -14 - 14. Let l be f + 0*3/(-3). Let c be 104/l - 2/7. Calculate g(c).
-1
Let q be 0 + 5 - (-9)/(-6 - -3). Let b(f) be the second derivative of -1/3*f**3 - f - 3/2*f**q + 0. Determine b(-4).
5
Let w(o) = 8 - 2 + 0 + o**3. Let r be (-12)/16 + (-6)/(-8). Determine w(r).
6
Let c(h) = -h - 1. Let z(d) = -2*d - 3. Let l(n) = -3*c(n) + z(n). Determine l(4).
4
Let x = -82 + 82. Let v(a) = -a**2 + a + 2. Determine v(x).
2
Let k = 11 + -5. Let p(n) = -5 + 0 + n**2 - 5*n + 0*n. Calculate p(k).
1
Suppose 38 = q + 5*a, -18 = 2*q + 5*a - 74. Let t be (-1)/(-3) + (-6)/q. Let k(u) = u**3 + u**2 - u + 2. What is k(t)?
2
Let r(n) be the third derivative of -n**4/12 - n**3/2 + 27*n**2. Let m = -2 + 2. Let a be 1 - (m - 1 - -7). Give r(a).
7
Let o(h) = -h**3 - h**2 + 5*h - 1. Let k be o(-3). Let y(n) be the third derivative of 0 - 3*n**k + 2/3*n**3 - 1/60*n**5 - 1/12*n**4 + 0*n